{"id":2762,"date":"2024-06-27T12:15:42","date_gmt":"2024-06-27T19:15:42","guid":{"rendered":"https:\/\/parexresource2.wpenginepowered.com\/llanos111\/resultados\/"},"modified":"2025-01-29T08:49:04","modified_gmt":"2025-01-29T16:49:04","slug":"resultados","status":"publish","type":"page","link":"https:\/\/www.parexresources.com\/llanos111\/resultados\/","title":{"rendered":"Resultados"},"content":{"rendered":"\t\t<div data-elementor-type=\"wp-page\" data-elementor-id=\"2762\" class=\"elementor elementor-2762\" data-elementor-post-type=\"page\">\n\t\t\t\t<div class=\"elementor-element elementor-element-067c7bc e-flex e-con-boxed e-con e-parent\" data-id=\"067c7bc\" data-element_type=\"container\" data-e-type=\"container\" data-settings=\"{&quot;background_background&quot;:&quot;classic&quot;,&quot;jet_parallax_layout_list&quot;:[]}\">\n\t\t\t\t\t<div class=\"e-con-inner\">\n\t\t\t\t<div class=\"elementor-element elementor-element-a19d61f elementor-widget elementor-widget-jet-breadcrumbs\" data-id=\"a19d61f\" data-element_type=\"widget\" data-e-type=\"widget\" data-widget_type=\"jet-breadcrumbs.default\">\n\t\t\t\t<div class=\"elementor-widget-container\">\n\t\t\t\t\t<div class=\"elementor-jet-breadcrumbs jet-blocks\">\n\t\t<div class=\"jet-breadcrumbs\">\n\t\t<div class=\"jet-breadcrumbs__content\">\n\t\t<div class=\"jet-breadcrumbs__wrap\"><div class=\"jet-breadcrumbs__item\"><a href=\"https:\/\/www.parexresources.com\/llanos111\/\" class=\"jet-breadcrumbs__item-link is-home\" rel=\"home\" title=\"Home\">Home<\/a><\/div>\n\t\t<\/div>\n\t\t<\/div>\n\t\t<\/div><\/div>\t\t\t\t<\/div>\n\t\t\t\t<\/div>\n\t\t\t\t<div class=\"elementor-element elementor-element-195c177 elementor-widget elementor-widget-heading\" data-id=\"195c177\" data-element_type=\"widget\" data-e-type=\"widget\" data-widget_type=\"heading.default\">\n\t\t\t\t<div class=\"elementor-widget-container\">\n\t\t\t\t\t<h1 class=\"elementor-heading-title elementor-size-default\">Resultados<\/h1>\t\t\t\t<\/div>\n\t\t\t\t<\/div>\n\t\t\t\t<div class=\"elementor-element elementor-element-043f2b7 elementor-widget__width-initial elementor-widget elementor-widget-text-editor\" data-id=\"043f2b7\" data-element_type=\"widget\" data-e-type=\"widget\" data-widget_type=\"text-editor.default\">\n\t\t\t\t<div class=\"elementor-widget-container\">\n\t\t\t\t\t\t\t\t\t<p>Vea c\u00f3mo este proyecto est\u00e1 apoyando al medio ambiente y a las comunidades locales.<\/p>\t\t\t\t\t\t\t\t<\/div>\n\t\t\t\t<\/div>\n\t\t\t\t\t<\/div>\n\t\t\t\t<\/div>\n\t\t<div class=\"elementor-element elementor-element-dd4fe0f e-flex e-con-boxed e-con e-parent\" data-id=\"dd4fe0f\" data-element_type=\"container\" data-e-type=\"container\" data-settings=\"{&quot;jet_parallax_layout_list&quot;:[]}\">\n\t\t\t\t\t<div class=\"e-con-inner\">\n\t\t<div class=\"elementor-element elementor-element-42ad936 e-con-full e-flex e-con e-child\" data-id=\"42ad936\" data-element_type=\"container\" data-e-type=\"container\" data-settings=\"{&quot;background_background&quot;:&quot;classic&quot;,&quot;jet_parallax_layout_list&quot;:[]}\">\n\t\t\t\t<div class=\"elementor-element elementor-element-f047a48 elementor-widget elementor-widget-heading\" data-id=\"f047a48\" data-element_type=\"widget\" data-e-type=\"widget\" data-widget_type=\"heading.default\">\n\t\t\t\t<div class=\"elementor-widget-container\">\n\t\t\t\t\t<h2 class=\"elementor-heading-title elementor-size-default\">\u00daltimos Resultados<\/h2>\t\t\t\t<\/div>\n\t\t\t\t<\/div>\n\t\t\t\t<div class=\"elementor-element elementor-element-16c0d65 elementor-widget elementor-widget-text-editor\" data-id=\"16c0d65\" data-element_type=\"widget\" data-e-type=\"widget\" data-widget_type=\"text-editor.default\">\n\t\t\t\t<div class=\"elementor-widget-container\">\n\t\t\t\t\t\t\t\t\t<p>Los resultados del Estudio de Impacto Ambiental (EIA) para el \u00c1rea de Desarrollo Llanos 111 se radic\u00f3 el 17 de enero de 2025<\/p>\t\t\t\t\t\t\t\t<\/div>\n\t\t\t\t<\/div>\n\t\t\t\t<\/div>\n\t\t\t\t<div class=\"elementor-element elementor-element-0cd4ecb elementor-widget elementor-widget-heading\" data-id=\"0cd4ecb\" data-element_type=\"widget\" data-e-type=\"widget\" data-widget_type=\"heading.default\">\n\t\t\t\t<div class=\"elementor-widget-container\">\n\t\t\t\t\t<h2 class=\"elementor-heading-title elementor-size-default\">Estudio de Impacto Ambiental Llanos 111<\/h2>\t\t\t\t<\/div>\n\t\t\t\t<\/div>\n\t\t\t\t<div class=\"elementor-element elementor-element-9984250 elementor-button-info elementor-widget elementor-widget-button\" data-id=\"9984250\" data-element_type=\"widget\" data-e-type=\"widget\" data-widget_type=\"button.default\">\n\t\t\t\t<div class=\"elementor-widget-container\">\n\t\t\t\t\t\t\t\t\t<div class=\"elementor-button-wrapper\">\n\t\t\t\t\t<a class=\"elementor-button elementor-button-link elementor-size-sm\" href=\"https:\/\/asiltdaco-my.sharepoint.com\/:f:\/g\/personal\/edwin_parra_asiltda_co\/EnG8tKQDpXZMgIwyA_nC2CgB2Gde14SeqYAbxQqBWolccw?e=BVan5f\" id=\"Documento 1\">\n\t\t\t\t\t\t<span class=\"elementor-button-content-wrapper\">\n\t\t\t\t\t\t\t\t\t<span class=\"elementor-button-text\">Leer M\u00e1s<\/span>\n\t\t\t\t\t<\/span>\n\t\t\t\t\t<\/a>\n\t\t\t\t<\/div>\n\t\t\t\t\t\t\t\t<\/div>\n\t\t\t\t<\/div>\n\t\t\t\t\t<\/div>\n\t\t\t\t<\/div>\n\t\t\t\t<\/div>\n\t\t","protected":false},"excerpt":{"rendered":"<p>Home Vea c\u00f3mo este proyecto est\u00e1 apoyando al medio ambiente y a las comunidades locales. \u00daltimos Resultados Los resultados del Estudio de Impacto Ambiental (EIA) para el \u00c1rea de Desarrollo Llanos 111 se radic\u00f3 el 17 de enero de 2025 Estudio de Impacto Ambiental Llanos 111 Leer M\u00e1s<\/p>\n","protected":false},"author":2,"featured_media":0,"parent":0,"menu_order":3,"comment_status":"closed","ping_status":"closed","template":"","meta":{"iawp_total_views":399,"footnotes":""},"class_list":["post-2762","page","type-page","status-publish","hentry"],"yoast_head":"<!-- This site is optimized with the Yoast SEO plugin v27.2 - https:\/\/yoast.com\/product\/yoast-seo-wordpress\/ -->\n<title>Resultados - Parex Resources - Llanos 111<\/title>\n<meta name=\"robots\" content=\"index, follow, max-snippet:-1, max-image-preview:large, max-video-preview:-1\" \/>\n<link rel=\"canonical\" href=\"https:\/\/www.parexresources.com\/llanos111\/resultados\/\" \/>\n<meta property=\"og:locale\" content=\"en_US\" \/>\n<meta property=\"og:type\" content=\"article\" \/>\n<meta property=\"og:title\" content=\"Resultados - Parex Resources - Llanos 111\" \/>\n<meta property=\"og:description\" content=\"Home Vea c\u00f3mo este proyecto est\u00e1 apoyando al medio ambiente y a las comunidades locales. \u00daltimos Resultados Los resultados del Estudio de Impacto Ambiental (EIA) para el \u00c1rea de Desarrollo Llanos 111 se radic\u00f3 el 17 de enero de 2025 Estudio de Impacto Ambiental Llanos 111 Leer M\u00e1s\" \/>\n<meta property=\"og:url\" content=\"https:\/\/www.parexresources.com\/llanos111\/resultados\/\" \/>\n<meta property=\"og:site_name\" content=\"Parex Resources - Llanos 111\" \/>\n<meta property=\"article:modified_time\" content=\"2025-01-29T16:49:04+00:00\" \/>\n<meta name=\"twitter:card\" content=\"summary_large_image\" \/>\n<meta name=\"twitter:label1\" content=\"Est. reading time\" \/>\n\t<meta name=\"twitter:data1\" content=\"1 minute\" \/>\n<script type=\"application\/ld+json\" class=\"yoast-schema-graph\">{\"@context\":\"https:\/\/schema.org\",\"@graph\":[{\"@type\":\"WebPage\",\"@id\":\"https:\/\/www.parexresources.com\/llanos111\/resultados\/\",\"url\":\"https:\/\/www.parexresources.com\/llanos111\/resultados\/\",\"name\":\"Resultados - Parex Resources - Llanos 111\",\"isPartOf\":{\"@id\":\"https:\/\/www.parexresources.com\/llanos111\/#website\"},\"datePublished\":\"2024-06-27T19:15:42+00:00\",\"dateModified\":\"2025-01-29T16:49:04+00:00\",\"breadcrumb\":{\"@id\":\"https:\/\/www.parexresources.com\/llanos111\/resultados\/#breadcrumb\"},\"inLanguage\":\"en-US\",\"potentialAction\":[{\"@type\":\"ReadAction\",\"target\":[\"https:\/\/www.parexresources.com\/llanos111\/resultados\/\"]}]},{\"@type\":\"BreadcrumbList\",\"@id\":\"https:\/\/www.parexresources.com\/llanos111\/resultados\/#breadcrumb\",\"itemListElement\":[{\"@type\":\"ListItem\",\"position\":1,\"name\":\"Home\",\"item\":\"https:\/\/www.parexresources.com\/llanos111\/\"},{\"@type\":\"ListItem\",\"position\":2,\"name\":\"Resultados\"}]},{\"@type\":\"WebSite\",\"@id\":\"https:\/\/www.parexresources.com\/llanos111\/#website\",\"url\":\"https:\/\/www.parexresources.com\/llanos111\/\",\"name\":\"Parex Resources - Llanos 111\",\"description\":\"Oil and Gas Producer in Colombia\",\"publisher\":{\"@id\":\"https:\/\/www.parexresources.com\/llanos111\/#organization\"},\"potentialAction\":[{\"@type\":\"SearchAction\",\"target\":{\"@type\":\"EntryPoint\",\"urlTemplate\":\"https:\/\/www.parexresources.com\/llanos111\/?s={search_term_string}\"},\"query-input\":{\"@type\":\"PropertyValueSpecification\",\"valueRequired\":true,\"valueName\":\"search_term_string\"}}],\"inLanguage\":\"en-US\"},{\"@type\":\"Organization\",\"@id\":\"https:\/\/www.parexresources.com\/llanos111\/#organization\",\"name\":\"Parex Resources - Llanos 111\",\"url\":\"https:\/\/www.parexresources.com\/llanos111\/\",\"logo\":{\"@type\":\"ImageObject\",\"inLanguage\":\"en-US\",\"@id\":\"https:\/\/www.parexresources.com\/llanos111\/#\/schema\/logo\/image\/\",\"url\":\"https:\/\/www.parexresources.com\/llanos111\/wp-content\/uploads\/sites\/3\/2024\/06\/logo-llanos-111-color_Mesa-de-trabajo-1.png\",\"contentUrl\":\"https:\/\/www.parexresources.com\/llanos111\/wp-content\/uploads\/sites\/3\/2024\/06\/logo-llanos-111-color_Mesa-de-trabajo-1.png\",\"width\":2550,\"height\":875,\"caption\":\"Parex Resources - Llanos 111\"},\"image\":{\"@id\":\"https:\/\/www.parexresources.com\/llanos111\/#\/schema\/logo\/image\/\"}}]}<\/script>\n<!-- \/ Yoast SEO plugin. -->","yoast_head_json":{"title":"Resultados - Parex Resources - Llanos 111","robots":{"index":"index","follow":"follow","max-snippet":"max-snippet:-1","max-image-preview":"max-image-preview:large","max-video-preview":"max-video-preview:-1"},"canonical":"https:\/\/www.parexresources.com\/llanos111\/resultados\/","og_locale":"en_US","og_type":"article","og_title":"Resultados - Parex Resources - Llanos 111","og_description":"Home Vea c\u00f3mo este proyecto est\u00e1 apoyando al medio ambiente y a las comunidades locales. \u00daltimos Resultados Los resultados del Estudio de Impacto Ambiental (EIA) para el \u00c1rea de Desarrollo Llanos 111 se radic\u00f3 el 17 de enero de 2025 Estudio de Impacto Ambiental Llanos 111 Leer M\u00e1s","og_url":"https:\/\/www.parexresources.com\/llanos111\/resultados\/","og_site_name":"Parex Resources - Llanos 111","article_modified_time":"2025-01-29T16:49:04+00:00","twitter_card":"summary_large_image","twitter_misc":{"Est. reading time":"1 minute"},"schema":{"@context":"https:\/\/schema.org","@graph":[{"@type":"WebPage","@id":"https:\/\/www.parexresources.com\/llanos111\/resultados\/","url":"https:\/\/www.parexresources.com\/llanos111\/resultados\/","name":"Resultados - Parex Resources - Llanos 111","isPartOf":{"@id":"https:\/\/www.parexresources.com\/llanos111\/#website"},"datePublished":"2024-06-27T19:15:42+00:00","dateModified":"2025-01-29T16:49:04+00:00","breadcrumb":{"@id":"https:\/\/www.parexresources.com\/llanos111\/resultados\/#breadcrumb"},"inLanguage":"en-US","potentialAction":[{"@type":"ReadAction","target":["https:\/\/www.parexresources.com\/llanos111\/resultados\/"]}]},{"@type":"BreadcrumbList","@id":"https:\/\/www.parexresources.com\/llanos111\/resultados\/#breadcrumb","itemListElement":[{"@type":"ListItem","position":1,"name":"Home","item":"https:\/\/www.parexresources.com\/llanos111\/"},{"@type":"ListItem","position":2,"name":"Resultados"}]},{"@type":"WebSite","@id":"https:\/\/www.parexresources.com\/llanos111\/#website","url":"https:\/\/www.parexresources.com\/llanos111\/","name":"Parex Resources - Llanos 111","description":"Oil and Gas Producer in Colombia","publisher":{"@id":"https:\/\/www.parexresources.com\/llanos111\/#organization"},"potentialAction":[{"@type":"SearchAction","target":{"@type":"EntryPoint","urlTemplate":"https:\/\/www.parexresources.com\/llanos111\/?s={search_term_string}"},"query-input":{"@type":"PropertyValueSpecification","valueRequired":true,"valueName":"search_term_string"}}],"inLanguage":"en-US"},{"@type":"Organization","@id":"https:\/\/www.parexresources.com\/llanos111\/#organization","name":"Parex Resources - Llanos 111","url":"https:\/\/www.parexresources.com\/llanos111\/","logo":{"@type":"ImageObject","inLanguage":"en-US","@id":"https:\/\/www.parexresources.com\/llanos111\/#\/schema\/logo\/image\/","url":"https:\/\/www.parexresources.com\/llanos111\/wp-content\/uploads\/sites\/3\/2024\/06\/logo-llanos-111-color_Mesa-de-trabajo-1.png","contentUrl":"https:\/\/www.parexresources.com\/llanos111\/wp-content\/uploads\/sites\/3\/2024\/06\/logo-llanos-111-color_Mesa-de-trabajo-1.png","width":2550,"height":875,"caption":"Parex Resources - Llanos 111"},"image":{"@id":"https:\/\/www.parexresources.com\/llanos111\/#\/schema\/logo\/image\/"}}]}},"_links":{"self":[{"href":"https:\/\/www.parexresources.com\/llanos111\/wp-json\/wp\/v2\/pages\/2762","targetHints":{"allow":["GET"]}}],"collection":[{"href":"https:\/\/www.parexresources.com\/llanos111\/wp-json\/wp\/v2\/pages"}],"about":[{"href":"https:\/\/www.parexresources.com\/llanos111\/wp-json\/wp\/v2\/types\/page"}],"author":[{"embeddable":true,"href":"https:\/\/www.parexresources.com\/llanos111\/wp-json\/wp\/v2\/users\/2"}],"replies":[{"embeddable":true,"href":"https:\/\/www.parexresources.com\/llanos111\/wp-json\/wp\/v2\/comments?post=2762"}],"version-history":[{"count":0,"href":"https:\/\/www.parexresources.com\/llanos111\/wp-json\/wp\/v2\/pages\/2762\/revisions"}],"wp:attachment":[{"href":"https:\/\/www.parexresources.com\/llanos111\/wp-json\/wp\/v2\/media?parent=2762"}],"curies":[{"name":"wp","href":"https:\/\/api.w.org\/{rel}","templated":true}]}}